e factors of q.
2, 5
Suppose -89 = -4*h + u, -u = -6*u - 25. List the prime factors of h.
3, 7
Let v = 7 + -4. Suppose 0 = 2*d + a, -v*d + 0*a + 7 = -2*a. Let r(k) = 10*k**2 - 1. List the prime factors of r(d).
3
Let j(q) = 0 - q**2 + 1 - 8 - 5*q - 5*q. What are the prime factors of j(-6)?
17
Suppose 4*w - 820 = -w. Let n = -89 + w. List the prime factors of (-1)/4 + n/12.
2, 3
Let g = -1 + 5. Suppose -2*o = -g*u + 22, -4*u + 9 = -u + o. List the prime factors of u.
2
Suppose -46 = -5*y - 3*l - 4, 3*y - 3*l - 30 = 0. Suppose -104 = -4*t - 4*c, 0 = t - y*c + 4*c - 50. Suppose -4*j - 10 = -t. List the prime factors of j.
5
What are the prime factors of 24/15*(20 - 0)?
2
Let a(l) = -l - 3 + 8*l - 2*l. Let w(p) = p. Let j(f) = a(f) - 3*w(f). What are the prime factors of j(9)?
3, 5
Suppose 0 = -2*m + 250 + 158. List the prime factors of m.
2, 3, 17
Let t be (3/(-5))/(1/(-5)). Let w be (49/2 + 0)*8. What are the prime factors of (t/4)/(7/w)?
3, 7
Let d(a) be the third derivative of -a**6/120 + a**5/15 + 7*a**4/24 - 7*a**3/6 + a**2. What are the prime factors of d(5)?
3
Suppose 0 = -5*i - 2*s + 22, -2*i = -4*i - 5*s + 13. Suppose 3*x = -4*g + 32, 4*x + i*g = g + 52. List the prime factors of x.
2
Let h(c) = 11 + 4*c - 2*c - c. Suppose -6*a + a - 25 = 0. What are the prime factors of h(a)?
2, 3
Let s be 2/3 - (-6)/(-9). Suppose s = 2*g + 4 - 26. Suppose -5*d = -l - g, -6*l = -l - 5*d - 5. List the prime factors of l.
2
List the prime factors of (-2 - (7 + -1))*(-5 + -7).
2, 3
Let q be 86/10 - (-8)/20. Let n = -5 + q. What are the prime factors of n?
2
Suppose -3*i = -5*o + 1075, 2*o - 5*o = 3*i - 645. List the prime factors of o.
5, 43
Let c = -7 - -11. Let l(g) = -2*g**2 + 7*g - 7 + 2 + g**2. What are the prime factors of l(c)?
7
Suppose 4*g - 24 = 48. What are the prime factors of g?
2, 3
Suppose 3*j - 2*q - 253 = -2*j, -4*q = -5*j + 251. List the prime factors of j.
3, 17
Suppose 2*w - 6*w = 4*c - 236, 4*w - 122 = -2*c. List the prime factors of c.
3, 19
Let q = 174 - 68. List the prime factors of q.
2, 53
Let z be -6*(1 + (-24)/9). Let w be 0 - -3*z/3. Suppose -3*x - 2*x = -w. List the prime factors of x.
2
Suppose 3*t + 34 = k - t, -t = 2*k - 86. What are the prime factors of k?
2, 3, 7
Let u(d) = d**3 - 11*d**2 + 12*d + 11. List the prime factors of u(10).
31
Let s = 32 - 15. What are the prime factors of s?
17
Suppose -4*g = -j + 6 + 18, -2*g - 32 = -3*j. Let i = -1 + j. What are the prime factors of i?
7
Let i be (3/(-9))/((-1)/15). Suppose -4 + 3 = -3*b + i*h, 3*b = -h + 25. List the prime factors of b.
7
Let z = 13 + -12. Let d = z - -10. List the prime factors of d.
11
Suppose -b - h = 0, -3 = -0*b + b + 4*h. Let l = b + 1. What are the prime factors of (-1 - (l + -1)) + 5?
3
Let f = -203 - -353. List the prime factors of f.
2, 3, 5
Suppose 2*h - 20 = -3*b, -2*b + h - 20 = -6*b. Suppose 3*v = b*q - 0*q + 55, -64 = -4*v + 3*q. List the prime factors of v.
13
Let q(j) = j**3 + 4*j. What are the prime factors of q(4)?
2, 5
Suppose -x + 2 = -2. What are the prime factors of ((-30)/(-25))/(x/10)?
3
Let p = -7 - -11. Suppose 3*o + 5 = p*o. What are the prime factors of (2 - 12)*(-2)/o?
2
Suppose -4*c + 140 = 4*l, 0 = -2*l - 3*c - 2*c + 82. List the prime factors of l.
31
Let v = 15 - 26. Let p = 14 + v. List the prime factors of p.
3
Let g = -7 - 37. Let h = g - -64. What are the prime factors of h?
2, 5
Let j(v) = v + 16. Suppose -2*p - 4 = 12. Let b be j(p). Suppose 3*r - b*r + 45 = 0. List the prime factors of r.
3
Let m(d) = d**2 - 6*d - 1. What are the prime factors of m(7)?
2, 3
Suppose f - 1 = -0*f. Suppose t - f = -5. Let c = t + 7. What are the prime factors of c?
3
Suppose 16 = 4*w, -2*j = -3*j - 3*w + 37. List the prime factors of j.
5
Let d(f) = -f. Let a be d(2). Let m(j) = 2*j - 2. Let h be m(-2). List the prime factors of 16/3 - a/h.
5
Let h(s) = -s**2 + 6*s + 3. Suppose 0 = 4*b + q - 17 - 0, 0 = -q - 3. List the prime factors of h(b).
2
Suppose -25 = -3*q - 2*x, 3*q = x + 9 + 10. Let l(r) = -r**2 + 6*r + 9. Let b be l(q). Suppose b*g = 15 + 15. What are the prime factors of g?
3, 5
Let g(p) = -p**2 + 6*p - 3. Let i be g(4). Suppose i*f - 25 = -0*f. Suppose 0 = -4*a - 4*d + 76, f*d + 70 - 5 = 5*a. List the prime factors of a.
2
Let z = 0 - 0. Suppose 0 = -z*i - 5*i - 20. Let u = 0 - i. What are the prime factors of u?
2
Let y(v) = -v**3 + 5*v**2 + v + 3. Let m be y(6). Let a = 38 + m. What are the prime factors of a?
11
List the prime factors of ((-34)/4)/((-5)/30).
3, 17
Let g(n) = n**3 + n + 7. Let w be g(0). Suppose 4 = d, -w*f = -3*f - d - 108. List the prime factors of f.
2, 7
Suppose 3*x = 944 + 97. What are the prime factors of x?
347
What are the prime factors of 4 + -4 + -3 - -41?
2, 19
Let s(f) = -f**3 - f**2 + 3*f + 7. List the prime factors of s(-3).
2
Let z = 128 - -48. List the prime factors of z.
2, 11
What are the prime factors of (-441)/(-15) - 4/10?
29
Let j(i) = -2*i + 101. What are the prime factors of j(0)?
101
Let u = -169 + 510. What are the prime factors of u?
11, 31
Suppose 5*n = -2*l - 8, -5*n - 23 = -3*l + 15. Suppose -4*b + b = -l. What are the prime factors of b?
2
Let s = 10 + -3. Suppose -40 = -s*d + 2*d. What are the prime factors of d?
2
Suppose 0 = 2*w - 14 - 26. Suppose 4*u = -2*k + 6, -3*u - u = w. List the prime factors of k.
13
Suppose 30 = -4*b - 22. Let l = b + 28. What are the prime factors of l?
3, 5
Let c = -141 - -242. List the prime factors of c.
101
Let o = 7 + -5. Suppose 201 = 20*i - 299. Suppose 3*t + o*t = i. What are the prime factors of t?
5
Let u be (2/4)/((-3)/78). Let r = -4 + u. List the prime factors of r/(-1) - 0/2.
17
Suppose 3*w = 8*w - 25. Suppose -5*t = 4*y - 57, -3*t + w*t - 22 = -2*y. What are the prime factors of t?
13
Suppose -133 = -4*a - 25. Suppose 3*s - 18 = a. Suppose 2*q = 3*f - s, -4*q = 5*f + q - 50. What are the prime factors of f?
7
What are the prime factors of (4 - -42)/(-2 + 5/2)?
2, 23
Suppose -4*n - 3*w - 9 = -54, -n + 5*w + 40 = 0. What are the prime factors of n?
3, 5
Suppose h = -v + 10, -v - 4*v + 5*h = -90. Let o = v + -5. What are the prime factors of o?
3
List the prime factors of (2/(-5))/((-18)/180).
2
Suppose 25*r = 22*r + 1005. List the prime factors of r.
5, 67
Let s be 1/(1 - 0)*3. Let y(j) = -3*j + s + 3*j + j - 1. What are the prime factors of y(0)?
2
Let h(n) = 8*n - 4. Let p be h(-3). Let y = p - -40. Let w = y - -2. What are the prime factors of w?
2, 7
Let w(h) be the second derivative of h**4/12 - 3*h**3/2 - h. What are the prime factors of w(11)?
2, 11
Let v = -302 + 431. List the prime factors of v.
3, 43
Suppose -24 = -b - 2*s + 3*s, -b + 18 = -3*s. What are the prime factors of b?
3
Let z = 3 + 1. Let q(n) = 4*n + 1. Let b be q(1). Suppose -3*p = z*i - 9, i - 23 = -b*p - 8. List the prime factors of p.
3
Let m = -1 + -4. Let l be 5*(2 + 6/m). List the prime factors of l + 0/(-5 - -3).
2
What are the prime factors of 2/45*5 - 2336/(-18)?
2, 5, 13
Suppose 0*h = 2*h - 28. Let z = h + -7. What are the prime factors of z?
7
Let c(r) = -r + 6. Let u = 11 + -3. Suppose -u - 2 = 2*y. List the prime factors of c(y).
11
Let p(f) = f**2 - 1. Let w be p(-1). List the prime factors of (-1 - w) + 2 + 1.
2
Suppose 121 = 5*f - 19. Suppose 5*i - 10 = -2*l + 18, 5*l - f = -2*i. Suppose 5*z + 2*a - 80 = 0, l*z + 5*a + 0*a - 81 = 0. What are the prime factors of z?
2, 7
Suppose -x + 4*x - y = 19, -12 = -4*x - 2*y. Suppose -2*d + 76 = -5*r, d + x*r = 2*d - 43. List the prime factors of d.
3, 11
Let c be (-2)/(-3) - (-6)/(-9). Suppose c = -l - 2, 5*t - l - 12 = -0. List the prime factors of t.
2
Let n(k) = 19*k**2 + 19*k + 9. What are the prime factors of n(-5)?
389
Suppose 6*k - 2*k = -5*h + 934, -3*h + 6 = 0. List the prime factors of k.
3, 7, 11
Suppose 145 = 6*q - 335. List the prime factors of q.
2, 5
Suppose 5*l - 10 = 0, 2*v = 6*v - 2*l + 4. Let b = 3 + 2. Suppose v*f = -b*f + 40. List the prime factors of f.
2
Suppose -1519 = -4*d - d + 4*p, 3*p + 1523 = 5*d. List the prime factors of d.
307
Let c = 24 + -4. What are the prime factors of c?
2, 5
Suppose f - 3*l = 23, -2*f + 9 = 2*l + 3. Suppose -f = j - 5*j. List the prime factors of (j + 0)/((-4)/(-22)).
11
Let w(z) = 3*z - 6. Suppose -l = 4*l - 25. Let q be w(l). Suppose -37 + q = -4*